 w**5/30 + w**4/12 + 30*w**2. Calculate s(-3).
3
Suppose r - 9 = -5*s, -2*s = r - 6*r + 18. Let b be (-2 + 1)*(3 + s). Let u(j) = -j - 9. Determine u(b).
-5
Let g(l) = 25 + 3*l - 3*l - 31 + 2*l. What is g(6)?
6
Suppose 36 - 11 = 5*i. Let a(x) = -x**2 + 5*x - 3. Let w be a(2). Let r(t) = -t**w + 5*t**2 + 8*t + 1 + 5 - 9*t. Give r(i).
1
Suppose 0*k = k + 6. Let w = 7 + k. Let v(a) be the third derivative of -a**5/60 + a**4/24 - a**3/6 - 2*a**2. Determine v(w).
-1
Let f(v) = 6 - 3 - 21*v + 31*v + v**2. Calculate f(-9).
-6
Let r(j) = 4*j**2 - j**2 + 3 - 4*j**2 - 7*j. Let u be r(-7). Let t(w) = 2 - 5*w + 0 + w**3 - 2*w**2 + w. What is t(u)?
-1
Let q be 8/52 + 206/13. Let h(k) = 2*k**3 + 17 - q + 8*k**3. Determine h(-1).
-9
Let c(x) = x**2 + 2*x + 4. Suppose 2*s - 54 = -s - 3*f, 4*s - 5*f - 27 = 0. Suppose -3*i - 4 = -5*b, 5*b + 3 = 5*i + s. Give c(i).
7
Let p(n) be the first derivative of 4*n - 1 + 3/2*n**2 - n**3 - 1/4*n**4. Let x(w) = w**2 - 2*w - 6. Let y be x(3). Give p(y).
-5
Let d be 2/(-3 + (-40)/(-15)). Let b(o) be the first derivative of -o**4/4 - 5*o**3/3 + 9*o**2/2 + 6*o + 2. Determine b(d).
-12
Let o be 1/((3 + -6)/3). Let w(u) = 4*u**3 + u**2 - u - 1. Calculate w(o).
-3
Let x(k) = -k**3 + k**2 + 3*k + 2. Let p be 1 + -1 - (-9 - -15). Let d = 7 - 3. Let o = p + d. What is x(o)?
8
Suppose -2*i + 10 = i - h, -24 = -2*i + 5*h. Let k = i + -5. Let r(l) = -4*l**3 + l**2 - 3*l + 2*l**3 + 1 + 3*l**3. What is r(k)?
-8
Suppose 0 = -5*z + 25 - 5, z = -5*r - 41. Let p be (-6)/4*(-6)/r. Let w(t) = 0*t - 5*t - 3*t + 3*t - 1. Calculate w(p).
4
Let g(h) be the third derivative of h**4/24 - 4*h**3/3 - 26*h**2. What is g(5)?
-3
Let f(v) = -2*v**2 + 4*v - 4. Let p be (-7)/(-28) + (-26)/8. Let i = p + 5. Suppose -i*l = -3*j + 9, -4*l - 4*j = -2*j - 22. What is f(l)?
-10
Suppose -5*w - 15 = -5*n, -5*n + 10 = 4*w - 14. Let j(s) be the second derivative of 1/12*s**n - 2*s + 0*s**3 + 0 + 1/4*s**5 + 0*s**2. Calculate j(1).
6
Let x(h) = h**2 - 7*h + 9. Let m be (-1 - -4)/18 + 175/30. What is x(m)?
3
Let g(a) = 3 + 3*a**2 - a**2 + a**2 - 5*a. Let b(d) = 3*d**2 - 4*d + 3. Let c(x) = -5*b(x) + 4*g(x). Let i(z) be the first derivative of c(z). Determine i(-1).
6
Let f(s) be the third derivative of -1/3*s**4 - 7/6*s**3 - 1/60*s**5 + 0 - 2*s**2 + 0*s. Let w = 11 - 16. Determine f(w).
8
Let y be (-2 - -1)*(-1)/1. Suppose -3*z + 7 = y. Let h(s) = s + 1. Let w(i) = -3*i - 2. Let c(g) = -8*h(g) - 3*w(g). Calculate c(z).
0
Let m(y) = -57*y + 32*y - 1 + 24*y. What is m(2)?
-3
Let f(b) be the second derivative of b**3/3 + 3*b**2/2 - 8*b. Give f(-4).
-5
Let o(m) be the second derivative of 0*m**2 - 1/6*m**3 + 2*m + 0. Let u be (-27)/(-5) + (-2)/5. Determine o(u).
-5
Let d(k) = k**2 + 2*k + 3. Let g(y) = -1. Let o(q) = -3*q**2 - q - 7. Let s(a) = -6*g(a) + o(a). Let x be s(-1). Give d(x).
6
Let v(t) = 13*t**2 + 8*t - 29. Let h(p) = -5*p**2 - 3*p + 10. Let f(o) = -8*h(o) - 3*v(o). Determine f(-5).
32
Let a(c) = c. Suppose 3 = -2*d + i, 2*d - i + 4*i = 1. What is a(d)?
-1
Let u(w) = w**3 - w**2 - w. Let t(l) = -2*l**3 + 6*l**2 - 2*l - 3. Let n(p) = -t(p) - 3*u(p). Let c = -64 + 60. What is n(c)?
-1
Suppose -2*i + k = -8, 21 = 3*i - 0*i + 3*k. Let w(y) = -y**2 + 6*y + 8. Let p(b) = -2*b**2 + 12*b + 17. Let l(q) = -4*p(q) + 9*w(q). Give l(i).
9
Suppose 6*m - 3*m - 18 = 0. Let z(t) = -t + 3. Determine z(m).
-3
Let s(p) = 6*p + 1. Let o(z) = 4*z. Let v(j) = 5*o(j) - 2*s(j). Calculate v(3).
22
Let v(h) = -h + 5. Suppose -t + 4*t = 24. Let r be v(t). Let s(m) = -2*m**2 - 4*m - 1. Determine s(r).
-7
Let j(v) = v**3 - 5*v**2 - 5*v - 6. Let w be j(6). Suppose w*f = f + 1. Let l(t) = 6*t - t + 1 + t. Give l(f).
-5
Let q(g) = -25*g + 1 + 32*g - 13*g - 2. Let c = 0 + -1. Give q(c).
5
Let l(k) = -3*k**2 - 7*k + 7. Let d(t) = -7*t**2 - 14*t + 15. Let o(a) = 4*d(a) - 9*l(a). Let b = 18 + 9. Let m be 144/b - 1/3. Determine o(m).
7
Let s(t) be the second derivative of -t**5/20 + t**4/3 + t**3 - 3*t**2 + 4*t. Determine s(5).
-1
Let j(y) = -y + 1. Let u = -3 - -6. Suppose 5*k - u*k - 4 = 0, 4*k - 14 = 2*v. Calculate j(v).
4
Let a(g) = 2*g + 2*g**2 - g**2 + 6 - 1 - 10*g. Calculate a(5).
-10
Suppose -8 = 3*l - 5*l. Let w(z) = 5*z**2 - 9*z - 2. Let n(p) = 9*p**2 - 17*p - 3. Let j(g) = -4*n(g) + 7*w(g). Give j(l).
2
Let n be 30/21 - 1*(-12)/(-28). Let g(q) = 2*q + 1. Determine g(n).
3
Suppose f + d = -d - 3, -2*d + 6 = 4*f. Let v(n) = -4 + 2 + n**2 - 2. What is v(f)?
5
Let w(d) be the second derivative of -d**4/12 - 13*d**3/6 - 5*d**2 + 2*d + 11. Calculate w(-12).
2
Suppose -4*d - 2*u - 456 = u, -d - 2*u - 114 = 0. Let p be (-2)/11 + d/(-22). Let k(j) = -j**2 + 5*j - 2. Determine k(p).
-2
Suppose -5*z - 30 = -0*z. Let d be (8/z)/(1/(-3)). Let t(u) = -u**2 + 3*u + 5. Determine t(d).
1
Let u(k) = -4*k - 2. Let p(j) = -j**2 + 13*j + 11. Let m be p(14). Give u(m).
10
Let t(n) = -n**2 - 8*n - 3. Suppose -d = -14 + 1. Let s = d + -21. Let z be 6/(-4) - (-12)/s. Give t(z).
12
Suppose 0 = 3*h + 1 - 7. Let n(i) = -h + i**2 + 2. Give n(1).
1
Let l(b) = -b**3 + 2*b**2 + 1. Let j be l(2). Let y = -6 - -7. Let u(x) = y - x - x + j - x. Calculate u(-2).
8
Let g be (0 - 21) + -4 + 5. Let c be ((-16)/g)/((-2)/(-15)). Suppose -z = 5*b - c*z - 45, 5*b + 4*z = 18. Let l(k) = k**2 - 4*k - 4. Calculate l(b).
8
Let f(b) be the first derivative of b**4/4 - b**3/2 - 2*b + 1. Let m(n) be the first derivative of f(n). Calculate m(2).
6
Let s(q) be the second derivative of -q**4/12 - 5*q**3/6 - 3*q**2/2 - 2*q. Let m = 11 + -7. Suppose 0 = -m*k - 12 - 8. Calculate s(k).
-3
Let i(w) = 653*w**2 - 651*w**2 + 6*w + 3 - 2*w. Calculate i(-2).
3
Suppose o + 3 = 19. Suppose 22 + 1 = -5*y - 3*j, 3*y = -4*j - o. Let v(z) = -6*z - 57. Let g(q) = -q - 8. Let u(k) = 15*g(k) - 2*v(k). Give u(y).
6
Let v(g) = -g**3 - 4*g**2 + 7*g + 3. Let p = 2 + 6. Let r be (-1)/(-2 - 25/(-13)). Let q = p - r. What is v(q)?
-7
Let q(d) be the second derivative of d**3/3 + 2*d**2 - 10*d. Determine q(-3).
-2
Let q(t) = 4*t - 3. Let w = 11 - 9. Calculate q(w).
5
Let y(a) = a**3 + 5*a**2 + a + 5. Let z be y(-5). Let q(h) = h - h + h + z. Give q(1).
1
Let x(m) = m**3 - m - 1. Suppose 4*b = 6 + 2. Let g(n) = -2 - 4*n**3 - n + 6 + 0 - 4*n**2 + 0*n**b. Let h(d) = g(d) + 3*x(d). Determine h(-3).
4
Let w(i) = 2*i**3 + 10*i**2 - 12*i + 1. Let u(b) = b**3 + b**2 - b - 1. Let f(n) = -3*u(n) + w(n). Determine f(6).
-14
Let w(l) = 2 + 3*l**3 + l**3 - 1 - 2*l**2. Give w(-1).
-5
Let h(f) = -f**3 + 3*f**2 - 6*f - 4. Let d(k) = k**3 - 3*k**2 + 5*k + 3. Let s(o) = -7*d(o) - 6*h(o). What is s(4)?
-9
Let l(v) = -2*v - 3*v + 0*v + v. What is l(1)?
-4
Let h be 4/6*(7 - 4). Suppose -3 = -4*f + 4*i + 105, f = -h*i + 21. Suppose f = 3*a - 8*a. Let c(u) = -u**2 - 7*u - 6. Calculate c(a).
4
Let s = 42 - 47. Let n(q) = -q**2 - 6*q + 2. Calculate n(s).
7
Let h be (-38)/(-9) + (-8)/36. Let n(x) = 3 + 2 - h + x. Give n(-4).
-3
Let u(p) = 10 + 0*p - 2 - p + 0. Give u(7).
1
Let l(r) = 8*r**3 + 2*r**2 - 1. Let k(m) = -m**3 + m**2 + 4*m - 3. Let z be k(2). Calculate l(z).
9
Let c(x) be the third derivative of -x**5/60 - 3*x**4/8 - 5*x**3/3 - 2*x**2. Determine c(-8).
-2
Let o(u) = 5*u**3 + 11*u**2 - 3*u - 10. Let s(y) = 4*y**3 + 10*y**2 - 3*y - 9. Let b(a) = 5*o(a) - 6*s(a). Give b(4).
0
Let z(l) = -l - 3. Suppose -18*s + 14*s = -16. Determine z(s).
-7
Let f(a) be the first derivative of -a**3/3 - 3*a**2 - 5*a + 7. Give f(-5).
0
Let r(b) = -b**2 + b. Let g(x) = 10*x**2 + 1. Let n(j) = -29*j**2 - 3. Let v(d) = -11*g(d) - 4*n(d). Let s(y) = -5*r(y) - v(y). Calculate s(-6).
-7
Let w(l) = 6*l**2 - 13*l + 3. Let v(k) = -7*k**2 + 14*k - 3. Let s be -2 - -4 - 35/5. Let c(p) = s*v(p) - 6*w(p). Give c(6).
9
Let w(p) = -5 - 669*p - 3 + 672*p + 1. Suppose 4*l + 9 + 19 = 0. Let x be (-33)/l - (-2)/7. What is w(x)?
8
Let i(r) = -r + r**3 + 26*r**2 + 8 + 27*r**2 - 59*r**2. Calculate i(6).
2
Let v(z) = 9*z + 4. Let t(r) = 14*r + 6. Let y(h) = 5*t(h) - 8*v(h). Give y(5).
-12
Suppose 5*y + 71 = 21. Let o be 44/(-5) - (-2)/y. Let i = o - -5. Let p(f) = -2*f - 4. Calculate p(i).
4
Let d(f) = 7*f**2 - 12*f + 9. Let r(p) = -20*p**2 + 35*p - 26. Let q(n) = 17*d(n) + 6*r(n). What is q(4)?
5
Let r(n) = n + 7. Let c be r(-7). Let g(z) = z**3 + z**2 + z + 8. Determine g(c).
8
Let z = 113 + -118. Let w(d) = -d**2 - 5